or of 29 and 551.
29
What is the highest common factor of 544 and 3400?
136
What is the greatest common factor of 2059 and 923?
71
What is the highest common factor of 590 and 20?
10
Calculate the greatest common factor of 2862 and 108.
54
Calculate the greatest common divisor of 21 and 111.
3
What is the greatest common factor of 629 and 37?
37
What is the highest common factor of 175 and 105?
35
Calculate the highest common factor of 32 and 60256.
32
What is the highest common factor of 1521 and 234?
117
What is the highest common divisor of 8 and 452?
4
Calculate the highest common divisor of 50 and 50.
50
What is the greatest common divisor of 36 and 27?
9
Calculate the highest common factor of 4 and 20.
4
Calculate the greatest common factor of 2251 and 1.
1
What is the greatest common factor of 20 and 110?
10
What is the greatest common factor of 113 and 4746?
113
Calculate the highest common factor of 60 and 735.
15
Calculate the highest common factor of 37 and 666.
37
What is the highest common divisor of 1121 and 190?
19
What is the greatest common factor of 107 and 4387?
107
What is the highest common divisor of 1071 and 56?
7
Calculate the greatest common factor of 209 and 352.
11
What is the highest common divisor of 2175 and 87?
87
Calculate the greatest common divisor of 228 and 96.
12
What is the highest common divisor of 51 and 595?
17
Calculate the greatest common factor of 348 and 60.
12
What is the highest common factor of 50 and 4325?
25
What is the greatest common divisor of 198 and 288?
18
Calculate the greatest common divisor of 561 and 495.
33
Calculate the highest common divisor of 26 and 7891.
13
What is the greatest common divisor of 6 and 486?
6
What is the highest common divisor of 4482 and 54?
54
Calculate the greatest common factor of 34 and 34.
34
Calculate the greatest common factor of 64 and 176.
16
Calculate the greatest common divisor of 819 and 252.
63
Calculate the greatest common factor of 3 and 3.
3
What is the greatest common divisor of 12 and 428?
4
What is the highest common divisor of 221 and 130?
13
Calculate the greatest common divisor of 1430 and 3120.
130
Calculate the greatest common divisor of 2653 and 7.
7
What is the greatest common divisor of 48945 and 195?
195
What is the greatest common divisor of 128 and 4128?
32
What is the highest common divisor of 155 and 755?
5
Calculate the greatest common divisor of 67 and 18157.
67
Calculate the highest common divisor of 4 and 11.
1
What is the highest common divisor of 6071 and 13?
13
Calculate the greatest common factor of 33 and 15048.
33
What is the highest common factor of 576 and 480?
96
Calculate the greatest common factor of 209 and 11.
11
Calculate the greatest common divisor of 132 and 46332.
132
Calculate the greatest common factor of 880 and 110.
110
Calculate the highest common factor of 50 and 1025.
25
What is the greatest common divisor of 12 and 6480?
12
What is the highest common divisor of 29 and 1?
1
Calculate the highest common factor of 48615 and 105.
105
What is the greatest common divisor of 4 and 254?
2
What is the highest common divisor of 49 and 5915?
7
What is the highest common factor of 5 and 675?
5
What is the highest common factor of 75 and 8265?
15
Calculate the greatest common divisor of 252 and 144.
36
Calculate the greatest common factor of 16399 and 31.
31
What is the greatest common factor of 8480 and 53?
53
Calculate the highest common divisor of 240 and 1776.
48
What is the greatest common factor of 13 and 59?
1
What is the highest common factor of 14 and 266?
14
What is the greatest common factor of 22 and 198?
22
Calculate the highest common divisor of 22 and 1045.
11
What is the highest common divisor of 390 and 20?
10
What is the greatest common factor of 256 and 544?
32
What is the highest common factor of 44 and 506?
22
What is the greatest common divisor of 715 and 1365?
65
Calculate the greatest common factor of 2513 and 112.
7
Calculate the highest common factor of 18 and 39.
3
What is the highest common divisor of 517 and 376?
47
Calculate the highest common divisor of 8 and 1208.
8
Calculate the highest common divisor of 2541 and 21.
21
Calculate the greatest common factor of 76 and 361.
19
What is the greatest common divisor of 60 and 3340?
20
Calculate the greatest common divisor of 129 and 301.
43
Calculate the highest common divisor of 75296 and 13.
13
What is the highest common factor of 64 and 512?
64
Calculate the highest common factor of 357 and 14.
7
What is the highest common factor of 3185 and 13?
13
Calculate the highest common factor of 36 and 87.
3
Calculate the greatest common factor of 12 and 654.
6
What is the greatest common factor of 108 and 474?
6
What is the greatest common factor of 12 and 4458?
6
What is the greatest common divisor of 402 and 8?
2
Calculate the highest common factor of 19 and 513.
19
What is the greatest common divisor of 14880 and 93?
93
What is the greatest common factor of 476 and 306?
34
What is the highest common divisor of 204 and 108?
12
What is the highest common factor of 176 and 440?
88
Calculate the highest common factor of 10 and 835.
5
Calculate the highest common factor of 10 and 12385.
5
Calculate the greatest common divisor of 710 and 10.
10
Calculate the greatest common factor of 219 and 18250.
73
What is the highest common factor of 2343 and 22?
11
Calculate the highest common factor of 2905 and 490.
35
What is the greatest common factor of 30 and 300?
30
What is the highest common divisor of 5604 and 12?
12
What is the highest common divisor of 5 and 2495?
5
What is the greatest common divisor of 869 and 33?
11
What is the highest common divisor of 7138 and 747?
83
What is the greatest common factor of 18 and 981?
9
What is the highest common divisor of 44 and 3916?
44
What is the greatest common divisor of 14 and 46858?
14
Calculate the greatest common divisor of 325 and 925.
25
What is the highest common factor of 810 and 60?
30
What is the greatest common factor of 172 and 3827?
43
Calculate the greatest common factor of 5 and 10.
5
What is the highest common divisor of 1771 and 143?
11
What is the highest common divisor of 232 and 29?
29
What is the highest common factor of 304 and 19?
19
Calculate the greatest common divisor of 1175 and 25.
25
What is the greatest common divisor of 50 and 85?
5
Calculate the greatest common factor of 4867 and 314.
157
Calculate the greatest common factor of 507 and 15.
3
Calculate the highest common factor of 9964 and 106.
106
What is the highest common factor of 3479 and 568?
71
Calculate the greatest common factor of 42 and 19194.
42
What is the greatest common factor of 2504 and 16?
8
What is the greatest common divisor of 72 and 2304?
72
What is the greatest common factor of 35 and 378?
7
What is the highest common divisor of 1400 and 360?
40
What is the greatest common divisor of 48 and 456?
24
What is the highest common divisor of 755 and 1057?
151
What is the greatest common factor of 36 and 846?
18
Calculate the greatest common factor of 3968 and 96.
32
What is the greatest common factor of 9 and 197?
1
What is the highest common factor of 369 and 3?
3
What is the greatest common divisor of 2497 and 2951?
227
Calculate the highest common divisor of 46 and 414.
46
Calculate the greatest common factor of 720 and 19920.
240
Calculate the highest common factor of 1656 and 72.
72
Calculate the highest common divisor of 12 and 60.
12
Calculate the highest common divisor of 103 and 1.
1
Calculate the highest common divisor of 280 and 392.
56
Calculate the highest common factor of 464 and 3538.
58
Calculate the highest common divisor of 747 and 913.
83
What is the highest common factor of 2183 and 59?
59
What is the greatest common factor of 591 and 42?
3
What is the highest common divisor of 7832 and 176?
88
What is the greatest common divisor of 436 and 8?
4
Calculate the highest common divisor of 7 and 119.
7
What is the highest common factor of 36 and 225?
9
Calculate the highest common factor of 43 and 430.
43
What is the greatest common divisor of 220 and 605?
55
What is the highest common divisor of 114 and 114?
114
Calculate the highest common factor of 6 and 12786.
6
What is the greatest c